{"id":4324,"date":"2024-08-21T16:41:32","date_gmt":"2024-08-21T15:41:32","guid":{"rendered":"https:\/\/www.bandadeloriga.pt\/?page_id=4324"},"modified":"2024-08-21T19:30:34","modified_gmt":"2024-08-21T18:30:34","slug":"atuacao-da-banda-de-loriga-no-adro-da-igreja-matriz-de-loriga-no-ano-de-1907-08-dirigida-pelo-maestro-narciso-marques","status":"publish","type":"page","link":"https:\/\/www.bandadeloriga.pt\/?page_id=4324","title":{"rendered":"BANDA de LORIGA em 1907\/08"},"content":{"rendered":"\n<p>A data\u00e7\u00e3o resulta da presen\u00e7a do maestro Narciso Marques.<\/p>\n<p>O local situa-se no adro da Igreja Matriz, num coreto provis\u00f3rio feito de madeira. A ades\u00e3o da popula\u00e7\u00e3o foi grande e, parece-nos ver um grupo de crian\u00e7as a dan\u00e7ar&#8230;&nbsp;<\/p>\n<p><img loading=\"lazy\" decoding=\"async\" class=\"alignnone size-large wp-image-4323\" src=\"http:\/\/www.bandadeloriga.pt\/wp-content\/uploads\/2024\/08\/Banda-de-LORIGA-Atuacao-no-Adro-da-Igreja--1024x684.jpg\" alt=\"\" width=\"640\" height=\"428\" srcset=\"https:\/\/www.bandadeloriga.pt\/wp-content\/uploads\/2024\/08\/Banda-de-LORIGA-Atuacao-no-Adro-da-Igreja--1024x684.jpg 1024w, https:\/\/www.bandadeloriga.pt\/wp-content\/uploads\/2024\/08\/Banda-de-LORIGA-Atuacao-no-Adro-da-Igreja--300x200.jpg 300w, https:\/\/www.bandadeloriga.pt\/wp-content\/uploads\/2024\/08\/Banda-de-LORIGA-Atuacao-no-Adro-da-Igreja--768x513.jpg 768w, https:\/\/www.bandadeloriga.pt\/wp-content\/uploads\/2024\/08\/Banda-de-LORIGA-Atuacao-no-Adro-da-Igreja--1536x1025.jpg 1536w, https:\/\/www.bandadeloriga.pt\/wp-content\/uploads\/2024\/08\/Banda-de-LORIGA-Atuacao-no-Adro-da-Igreja--750x500.jpg 750w, https:\/\/www.bandadeloriga.pt\/wp-content\/uploads\/2024\/08\/Banda-de-LORIGA-Atuacao-no-Adro-da-Igreja--400x267.jpg 400w, https:\/\/www.bandadeloriga.pt\/wp-content\/uploads\/2024\/08\/Banda-de-LORIGA-Atuacao-no-Adro-da-Igreja-.jpg 2048w\" sizes=\"auto, (max-width: 640px) 100vw, 640px\" \/><\/p>\n","protected":false},"excerpt":{"rendered":"<p>A data\u00e7\u00e3o resulta da presen\u00e7a do maestro Narciso Marques. O local situa-se no adro da Igreja Matriz, num coreto provis\u00f3rio feito de madeira. A ades\u00e3o da popula\u00e7\u00e3o foi grande e, parece-nos ver um grupo de crian\u00e7as a dan\u00e7ar&#8230;&nbsp;<\/p>\n","protected":false},"author":1,"featured_media":0,"parent":0,"menu_order":0,"comment_status":"closed","ping_status":"closed","template":"","meta":{"ngg_post_thumbnail":0,"footnotes":""},"class_list":["post-4324","page","type-page","status-publish","hentry"],"_links":{"self":[{"href":"https:\/\/www.bandadeloriga.pt\/index.php?rest_route=\/wp\/v2\/pages\/4324","targetHints":{"allow":["GET"]}}],"collection":[{"href":"https:\/\/www.bandadeloriga.pt\/index.php?rest_route=\/wp\/v2\/pages"}],"about":[{"href":"https:\/\/www.bandadeloriga.pt\/index.php?rest_route=\/wp\/v2\/types\/page"}],"author":[{"embeddable":true,"href":"https:\/\/www.bandadeloriga.pt\/index.php?rest_route=\/wp\/v2\/users\/1"}],"replies":[{"embeddable":true,"href":"https:\/\/www.bandadeloriga.pt\/index.php?rest_route=%2Fwp%2Fv2%2Fcomments&post=4324"}],"version-history":[{"count":7,"href":"https:\/\/www.bandadeloriga.pt\/index.php?rest_route=\/wp\/v2\/pages\/4324\/revisions"}],"predecessor-version":[{"id":4335,"href":"https:\/\/www.bandadeloriga.pt\/index.php?rest_route=\/wp\/v2\/pages\/4324\/revisions\/4335"}],"wp:attachment":[{"href":"https:\/\/www.bandadeloriga.pt\/index.php?rest_route=%2Fwp%2Fv2%2Fmedia&parent=4324"}],"curies":[{"name":"wp","href":"https:\/\/api.w.org\/{rel}","templated":true}]}}

<p>A datação resulta da presença do maestro Narciso Marques.</p>
<p>O local situa-se no adro da Igreja Matriz, num coreto provisório feito de madeira. A adesão da população foi grande e, parece-nos ver um grupo de crianças a dançar&#8230;&nbsp;</p>
<p><img loading="lazy" decoding="async" class="alignnone size-large wp-image-4323" src="http://www.bandadeloriga.pt/wp-content/uploads/2024/08/Banda-de-LORIGA-Atuacao-no-Adro-da-Igreja--1024x684.jpg" alt="" width="640" height="428" srcset="https://www.bandadeloriga.pt/wp-content/uploads/2024/08/Banda-de-LORIGA-Atuacao-no-Adro-da-Igreja--1024x684.jpg 1024w, https://www.bandadeloriga.pt/wp-content/uploads/2024/08/Banda-de-LORIGA-Atuacao-no-Adro-da-Igreja--300x200.jpg 300w, https://www.bandadeloriga.pt/wp-content/uploads/2024/08/Banda-de-LORIGA-Atuacao-no-Adro-da-Igreja--768x513.jpg 768w, https://www.bandadeloriga.pt/wp-content/uploads/2024/08/Banda-de-LORIGA-Atuacao-no-Adro-da-Igreja--1536x1025.jpg 1536w, https://www.bandadeloriga.pt/wp-content/uploads/2024/08/Banda-de-LORIGA-Atuacao-no-Adro-da-Igreja--750x500.jpg 750w, https://www.bandadeloriga.pt/wp-content/uploads/2024/08/Banda-de-LORIGA-Atuacao-no-Adro-da-Igreja--400x267.jpg 400w, https://www.bandadeloriga.pt/wp-content/uploads/2024/08/Banda-de-LORIGA-Atuacao-no-Adro-da-Igreja-.jpg 2048w" sizes="auto, (max-width: 640px) 100vw, 640px" /></p>

<p>A datação resulta da presença do maestro Narciso Marques. O local situa-se no adro da Igreja Matriz, num coreto provisório feito de madeira. A adesão da população foi grande e, parece-nos ver um grupo de crianças a dançar&#8230;&nbsp;</p>
